he tens digit of 727?
2
What is the hundreds digit of 34018?
0
What is the units digit of 610?
0
What is the tens digit of 6114?
1
What is the units digit of 60870?
0
What is the tens digit of 15826?
2
What is the units digit of 9542?
2
What is the tens digit of 8143?
4
What is the tens digit of 970?
7
What is the units digit of 19?
9
What is the units digit of 5570?
0
What is the tens digit of 15337?
3
What is the tens digit of 511?
1
What is the tens digit of 1290?
9
What is the tens digit of 3775?
7
What is the tens digit of 994?
9
What is the tens digit of 12437?
3
What is the hundreds digit of 7086?
0
What is the units digit of 19348?
8
What is the ten thousands digit of 54799?
5
What is the tens digit of 1688?
8
What is the thousands digit of 14868?
4
What is the ten thousands digit of 13788?
1
What is the hundreds digit of 4953?
9
What is the ten thousands digit of 17013?
1
What is the thousands digit of 36504?
6
What is the units digit of 15511?
1
What is the thousands digit of 2532?
2
What is the tens digit of 73391?
9
What is the tens digit of 1166?
6
What is the units digit of 56868?
8
What is the hundreds digit of 351?
3
What is the hundreds digit of 1690?
6
What is the thousands digit of 3744?
3
What is the ten thousands digit of 10672?
1
What is the hundreds digit of 485?
4
What is the tens digit of 22182?
8
What is the units digit of 1584?
4
What is the tens digit of 2286?
8
What is the units digit of 7656?
6
What is the units digit of 5028?
8
What is the hundreds digit of 432?
4
What is the tens digit of 1224?
2
What is the units digit of 51068?
8
What is the hundreds digit of 889?
8
What is the ten thousands digit of 77842?
7
What is the units digit of 1740?
0
What is the hundreds digit of 577?
5
What is the tens digit of 810?
1
What is the thousands digit of 15655?
5
What is the hundreds digit of 20059?
0
What is the tens digit of 1954?
5
What is the units digit of 18459?
9
What is the ten thousands digit of 10945?
1
What is the units digit of 1649?
9
What is the tens digit of 601?
0
What is the tens digit of 251?
5
What is the units digit of 3699?
9
What is the hundreds digit of 2546?
5
What is the thousands digit of 2065?
2
What is the units digit of 99?
9
What is the hundreds digit of 54951?
9
What is the hundreds digit of 448?
4
What is the thousands digit of 1268?
1
What is the thousands digit of 14228?
4
What is the hundreds digit of 663?
6
What is the tens digit of 5482?
8
What is the tens digit of 12313?
1
What is the hundreds digit of 3196?
1
What is the tens digit of 88400?
0
What is the thousands digit of 97387?
7
What is the units digit of 1665?
5
What is the thousands digit of 3765?
3
What is the units digit of 4220?
0
What is the hundreds digit of 1159?
1
What is the thousands digit of 2123?
2
What is the units digit of 5233?
3
What is the tens digit of 252?
5
What is the thousands digit of 47278?
7
What is the units digit of 3163?
3
What is the units digit of 694?
4
What is the thousands digit of 132529?
2
What is the tens digit of 1160?
6
What is the ten thousands digit of 24298?
2
What is the units digit of 733?
3
What is the thousands digit of 11685?
1
What is the tens digit of 5550?
5
What is the tens digit of 12599?
9
What is the hundreds digit of 702?
7
What is the hundreds digit of 15041?
0
What is the tens digit of 16794?
9
What is the hundreds digit of 3582?
5
What is the units digit of 1047?
7
What is the tens digit of 5365?
6
What is the hundreds digit of 6753?
7
What is the hundreds digit of 170?
1
What is the thousands digit of 3876?
3
What is the units digit of 2510?
0
What is the thousands digit of 5445?
5
What is the units digit of 19044?
4
What is the ten thousands digit of 30702?
3
What is the tens digit of 873?
7
What is the thousands digit of 70268?
0
What is the hundreds digit of 2124?
1
What is the hundreds digit of 2427?
4
What is the thousands digit of 4398?
4
What is the hundreds digit of 964?
9
What is the hundreds digit of 103058?
0
What is the thousands digit of 3637?
3
What is the hundreds digit of 12293?
2
What is the hundreds digit of 82360?
3
What is the units digit of 86554?
4
What is the tens digit of 74479?
7
What is the tens digit of 566?
6
What is the tens digit of 87845?
4
What is the tens digit of 1378?
7
What is the units digit of 1543?
3
What is the units digit of 17751?
1
What is the hundreds digit of 172?
1
What is the tens digit of 40?
4
What is the thousands digit of 66018?
6
What is the ten thousands digit of 11035?
1
What is the thousands digit of 6710?
6
What is the units digit of 18419?
9
What is the hundreds digit of 6127?
1
What is the units digit of 43871?
1
What is the hundreds digit of 41941?
9
What is the thousands digit of 29860?
9
What is the hundreds digit of 737?
7
What is the thousands digit of 18594?
8
What is the units digit of 40925?
5
What is the units digit of 33867?
7
What is the ten thousands digit of 20045?
2
What is the units digit of 22265?
5
What is the tens digit of 908?
0
What is the hundreds digit of 2681?
6
What is the tens digit of 39486?
8
What is the units digit of 405?
5
What is the hundreds digit of 32431?
4
What is the thousands digit of 26054?
6
What is the hundreds digit of 1004?
0
What is the thousands digit of 42898?
2
What is the tens digit of 5039?
3
What is the thousands digit of 1306?
1
What is the units digit of 661?
1
What is the hundreds digit of 730?
7
What is the hundred thousands digit of 169578?
1
What is the ten thousands digit of 40877?
4
What is the hundreds digit of 1398?
3
What is the ten thousands digit of 68013?
6
What is the tens digit of 5458?
5
What is the hundred thousands digit of 190390?
1
What is the hundreds digit of 742?
7
What is the hundreds digit of 11508?
5
What is the thousands digit of 51235?
1
What is the hundreds digit of 4009?
0
What is the ten thousands digit of 28131?
2
What is the ten thousands digit of 47443?
4
What is the ten thousands digit of 19596?
1
What is the hundreds digit of 4206?
2
What is the tens digit of 2594?
9
What is the hundreds digit of 733?
7
What is the hundreds digit of 415?
4
What is the thousands digit of 2415?
2
What is the units digit of 70311?
1
What is the thousands digit of 11174?
1
What is the tens digit of 290?
9
What is the tens digit of 2290?
9
What is the hundreds digit of 30973?
9
What is the tens digit of 10876?
7
What is the thousands digit of 36219?
6
What is the hundreds digit of 9640?
6
What is the ten thousands digit of 10369?
1
What is the hundred thousands digit of 171393?
1
What is the units digit of 1931?
1
What is the units digit of 1262?
2
What is the units digit of 603?
3
What is the hundreds digit of 800?
8
What is the tens digit of 11009?
0
What is the thousands digit of 20417?
0
What is the thousands digit of 14900?
4
What is the tens digit of 38?
3
What is the thousands digit of 1413?
1
What is the units digit of 1126?
6
What is the units digit of 90?
0
What is the hundreds digit of 16692?
6
What is the thousands digit of 1461?
1
What is the ten thousands digit of 11040?
1
What is the hundreds digit of 95583?
5
What is the hundreds digit of 101221?
2
What is the units digit of 7195?
5
What is the tens digit of 18474?
7
What is the tens digit of 12226?
2
What is the hundreds digit of 5251?
2
What is the units digit of 24198?
8
What is the thousands digit of 3642?
3
What is the tens digit of 169?
6
What is the units digit of 1073?
3
What is the hundred thousands digit of 106249?
1
What is the tens digit of 31967?
6
What is the hundreds digit of 3318?
3
What is the tens digit of 6139?
3
What is the units digit of 2128?
8
What is the thousands digit of 19165?
9
What is the hundreds digit of 1246?
2
What is the units digit of 59722?
2
What is the tens digit of 104654?
5
What is the units digit of 31021?
1
What is the hundreds digit of 1328?
3
What is the units digit of 585?
5
What is the hundreds digit of 50631?
6
What is the units digit of 55722?
2
What is the thousands digit of 107049?
7
What is the units digit of 5?
5
What is the thousands digit of 13536?
3
What is the tens digit of 7501?
0
What is the thousands digit of 30981?
0
What is the ten thousands digit of 48964?
4
What is the hundred thousands digit of 111016?
1
What is the un